{"id":219,"date":"2026-04-29T12:09:03","date_gmt":"2026-04-29T10:09:03","guid":{"rendered":"https:\/\/share-arts.org\/?page_id=219"},"modified":"2026-04-29T18:17:46","modified_gmt":"2026-04-29T16:17:46","slug":"adhesion","status":"publish","type":"page","link":"https:\/\/share-arts.org\/?page_id=219","title":{"rendered":"Adh\u00e9sion"},"content":{"rendered":"\t\t<div data-elementor-type=\"wp-page\" data-elementor-id=\"219\" class=\"elementor elementor-219\">\n\t\t\t\t<div class=\"elementor-element elementor-element-8827c6e e-flex e-con-boxed e-con e-parent\" data-id=\"8827c6e\" data-element_type=\"container\" data-e-type=\"container\">\n\t\t\t\t\t<div class=\"e-con-inner\">\n\t\t<div class=\"elementor-element elementor-element-d500ea1 e-con-full e-flex e-con e-child\" data-id=\"d500ea1\" data-element_type=\"container\" data-e-type=\"container\">\n\t\t\t\t<div class=\"elementor-element elementor-element-6c337e3 elementor-widget elementor-widget-spacer\" data-id=\"6c337e3\" data-element_type=\"widget\" data-e-type=\"widget\" data-widget_type=\"spacer.default\">\n\t\t\t\t\t\t\t<div class=\"elementor-spacer\">\n\t\t\t<div class=\"elementor-spacer-inner\"><\/div>\n\t\t<\/div>\n\t\t\t\t\t\t<\/div>\n\t\t\t\t<div class=\"elementor-element elementor-element-c530bf8 elementor-widget elementor-widget-heading\" data-id=\"c530bf8\" data-element_type=\"widget\" data-e-type=\"widget\" data-widget_type=\"heading.default\">\n\t\t\t\t\t<h2 class=\"elementor-heading-title elementor-size-default\">Adh\u00e9rez \u00e0 Share Arts<\/h2>\t\t\t\t<\/div>\n\t\t\t\t<div class=\"elementor-element elementor-element-a1aaf87 elementor-widget-divider--view-line elementor-widget elementor-widget-divider\" data-id=\"a1aaf87\" data-element_type=\"widget\" data-e-type=\"widget\" data-widget_type=\"divider.default\">\n\t\t\t\t\t\t\t<div class=\"elementor-divider\">\n\t\t\t<span class=\"elementor-divider-separator\">\n\t\t\t\t\t\t<\/span>\n\t\t<\/div>\n\t\t\t\t\t\t<\/div>\n\t\t\t\t<div class=\"elementor-element elementor-element-f7a4e4a elementor-widget elementor-widget-text-editor\" data-id=\"f7a4e4a\" data-element_type=\"widget\" data-e-type=\"widget\" data-widget_type=\"text-editor.default\">\n\t\t\t\t\t\t\t\t\t<p><em><strong>Soutenez l\u2019association et b\u00e9n\u00e9ficiez de tarifs pr\u00e9f\u00e9rentiels.<\/strong><\/em><\/p>\t\t\t\t\t\t\t\t<\/div>\n\t\t\t\t<\/div>\n\t\t<div class=\"elementor-element elementor-element-fc1b1b5 e-con-full e-flex e-con e-child\" data-id=\"fc1b1b5\" data-element_type=\"container\" data-e-type=\"container\">\n\t\t\t\t\t\t\t\n\t\t\t<img class=\"e-image-base e-8e241c2-da64d7b\" \n\t\t\t\t\tdata-interaction-id=\"8e241c2\" \n\t\t \n\t\t \n\t\t\t\t\t\t\t\t\tid=\"233\"\n\t\t\t\t\t\t\t\t\t\t\t\tsrc=\"https:\/\/share-arts.org\/wp-content\/uploads\/2026\/04\/Adhesion_.jpg\"\n\t\t\t\t\t\t\t\t\t\t\t\twidth=\"1550\"\n\t\t\t\t\t\t\t\t\t\t\t\theight=\"1000\"\n\t\t\t\t\t\t\t\t\t\t\t\tsrcset=\"https:\/\/share-arts.org\/wp-content\/uploads\/2026\/04\/Adhesion_.jpg 1550w, https:\/\/share-arts.org\/wp-content\/uploads\/2026\/04\/Adhesion_-300x194.jpg 300w, https:\/\/share-arts.org\/wp-content\/uploads\/2026\/04\/Adhesion_-1024x661.jpg 1024w, https:\/\/share-arts.org\/wp-content\/uploads\/2026\/04\/Adhesion_-768x495.jpg 768w, https:\/\/share-arts.org\/wp-content\/uploads\/2026\/04\/Adhesion_-1536x991.jpg 1536w\"\n\t\t\t\t\t\t\t\t\t\t\t\talt=\"\"\n\t\t\t\t\t\t\/>\n\t\t\t\t\t<\/div>\n\t\t\t\t\t<\/div>\n\t\t\t\t<\/div>\n\t\t<div class=\"elementor-element elementor-element-9982cee e-flex e-con-boxed e-con e-parent\" data-id=\"9982cee\" data-element_type=\"container\" data-e-type=\"container\">\n\t\t\t\t\t<div class=\"e-con-inner\">\n\t\t\t\t<div class=\"elementor-element elementor-element-5ba089b elementor-widget-divider--view-line elementor-widget elementor-widget-divider\" data-id=\"5ba089b\" data-element_type=\"widget\" data-e-type=\"widget\" data-widget_type=\"divider.default\">\n\t\t\t\t\t\t\t<div class=\"elementor-divider\">\n\t\t\t<span class=\"elementor-divider-separator\">\n\t\t\t\t\t\t<\/span>\n\t\t<\/div>\n\t\t\t\t\t\t<\/div>\n\t\t\t\t<div class=\"elementor-element elementor-element-906a942 elementor-widget elementor-widget-heading\" data-id=\"906a942\" data-element_type=\"widget\" data-e-type=\"widget\" data-widget_type=\"heading.default\">\n\t\t\t\t\t<h2 class=\"elementor-heading-title elementor-size-default\">Pourquoi adh\u00e9rer ?<\/h2>\t\t\t\t<\/div>\n\t\t\t\t\t<\/div>\n\t\t\t\t<\/div>\n\t\t<div class=\"elementor-element elementor-element-91b6eed e-flex e-con-boxed e-con e-parent\" data-id=\"91b6eed\" data-element_type=\"container\" data-e-type=\"container\">\n\t\t\t\t\t<div class=\"e-con-inner\">\n\t\t<div class=\"elementor-element elementor-element-e800fca e-con-full e-flex e-con e-child\" data-id=\"e800fca\" data-element_type=\"container\" data-e-type=\"container\">\n\t\t\t\t<div class=\"elementor-element elementor-element-f97f1d2 elementor-widget elementor-widget-text-editor\" data-id=\"f97f1d2\" data-element_type=\"widget\" data-e-type=\"widget\" data-widget_type=\"text-editor.default\">\n\t\t\t\t\t\t\t\t\t<p><strong>Avantages membres actifs<br \/><\/strong><br \/>&#8211; Acc\u00e9der \u00e0 la vente de nos \u00e9v\u00e9nements en avant-premi\u00e8re.<br \/>&#8211; B\u00e9n\u00e9ficier de tarifs adh\u00e9rents pr\u00e9f\u00e9rentiels.<\/p>\t\t\t\t\t\t\t\t<\/div>\n\t\t\t\t<\/div>\n\t\t<div class=\"elementor-element elementor-element-e2f04b2 e-con-full e-flex e-con e-child\" data-id=\"e2f04b2\" data-element_type=\"container\" data-e-type=\"container\">\n\t\t\t\t<div class=\"elementor-element elementor-element-e051232 elementor-widget elementor-widget-text-editor\" data-id=\"e051232\" data-element_type=\"widget\" data-e-type=\"widget\" data-widget_type=\"text-editor.default\">\n\t\t\t\t\t\t\t\t\t<p><strong>Avantages membres bienfaiteurs<\/strong><\/p><p>&#8211; Acc\u00e9der \u00e0 la vente de nos \u00e9v\u00e9nements en avant-premi\u00e8re.<br \/>&#8211; B\u00e9n\u00e9ficier de tarifs adh\u00e9rents pr\u00e9f\u00e9rentiels.<br \/>&#8211; Recevoir une invitation \u00e0 la soir\u00e9e annuelle des bienfaiteurs.<br \/>&#8211; Recevoir votre badge \u00ab membre bienfaiteur \u00bb.<\/p>\t\t\t\t\t\t\t\t<\/div>\n\t\t\t\t<\/div>\n\t\t<div class=\"elementor-element elementor-element-b80bfc7 e-con-full e-flex e-con e-child\" data-id=\"b80bfc7\" data-element_type=\"container\" data-e-type=\"container\">\n\t\t\t\t<div class=\"elementor-element elementor-element-8e0bde9 elementor-widget elementor-widget-text-editor\" data-id=\"8e0bde9\" data-element_type=\"widget\" data-e-type=\"widget\" data-widget_type=\"text-editor.default\">\n\t\t\t\t\t\t\t\t\t<p><strong>Soutenir la cr\u00e9ation artistique<\/strong><\/p><p>En adh\u00e9rant, vous soutenez directement les artistes et participez \u00e0 faire vivre une cr\u00e9ation riche, libre et accessible \u00e0 tous.<\/p><p>Chaque adh\u00e9sion encourage la cr\u00e9ation, l\u2019innovation et l\u2019audace artistique.<\/p><p><strong>Faciliter l\u2019acc\u00e8s \u00e0 la culture<\/strong><\/p><p>Votre soutien permet \u00e0 davantage de personnes de d\u00e9couvrir, d\u2019apprendre et de s\u2019\u00e9merveiller.<\/p><p>Ensemble, nous contribuons \u00e0 rendre la culture plus accessible, plus inclusive et ouverte \u00e0 chacun, sans distinction.<\/p>\t\t\t\t\t\t\t\t<\/div>\n\t\t\t\t<\/div>\n\t\t\t\t\t<\/div>\n\t\t\t\t<\/div>\n\t\t<div class=\"elementor-element elementor-element-8a8bd58 e-flex e-con-boxed e-con e-parent\" data-id=\"8a8bd58\" data-element_type=\"container\" data-e-type=\"container\">\n\t\t\t\t\t<div class=\"e-con-inner\">\n\t\t\t\t\t\n<hr class=\"e-divider-base\" data-interaction-id=\"cad1886\"   \/>\n\t\t\t\t<div class=\"elementor-element elementor-element-ab21d23 elementor-widget elementor-widget-heading\" data-id=\"ab21d23\" data-element_type=\"widget\" data-e-type=\"widget\" data-widget_type=\"heading.default\">\n\t\t\t\t\t<h2 class=\"elementor-heading-title elementor-size-default\">Je choisis ma cotisation<\/h2>\t\t\t\t<\/div>\n\t\t\t\t\t<\/div>\n\t\t\t\t<\/div>\n\t\t<div class=\"elementor-element elementor-element-89a11ec e-flex e-con-boxed e-con e-parent\" data-id=\"89a11ec\" data-element_type=\"container\" data-e-type=\"container\">\n\t\t\t\t\t<div class=\"e-con-inner\">\n\t\t<div class=\"elementor-element elementor-element-c5e37c1 e-con-full e-flex e-con e-child\" data-id=\"c5e37c1\" data-element_type=\"container\" data-e-type=\"container\">\n\t\t\t\t\t\t\t\n\t\t\t<img class=\"e-image-base \" \n\t\t\t\t\tdata-interaction-id=\"d42a370\" \n\t\t \n\t\t \n\t\t\t\t\t\t\t\t\tid=\"248\"\n\t\t\t\t\t\t\t\t\t\t\t\tsrc=\"https:\/\/share-arts.org\/wp-content\/uploads\/2026\/04\/geralt-diversity-7409287_1920.jpg\"\n\t\t\t\t\t\t\t\t\t\t\t\twidth=\"1920\"\n\t\t\t\t\t\t\t\t\t\t\t\theight=\"1920\"\n\t\t\t\t\t\t\t\t\t\t\t\tsrcset=\"https:\/\/share-arts.org\/wp-content\/uploads\/2026\/04\/geralt-diversity-7409287_1920.jpg 1920w, https:\/\/share-arts.org\/wp-content\/uploads\/2026\/04\/geralt-diversity-7409287_1920-300x300.jpg 300w, https:\/\/share-arts.org\/wp-content\/uploads\/2026\/04\/geralt-diversity-7409287_1920-1024x1024.jpg 1024w, https:\/\/share-arts.org\/wp-content\/uploads\/2026\/04\/geralt-diversity-7409287_1920-150x150.jpg 150w, https:\/\/share-arts.org\/wp-content\/uploads\/2026\/04\/geralt-diversity-7409287_1920-768x768.jpg 768w, https:\/\/share-arts.org\/wp-content\/uploads\/2026\/04\/geralt-diversity-7409287_1920-1536x1536.jpg 1536w\"\n\t\t\t\t\t\t\t\t\t\t\t\talt=\"\"\n\t\t\t\t\t\t\/>\n\t\t\t\t\t<\/div>\n\t\t<div class=\"elementor-element elementor-element-9b9f334 e-con-full e-flex e-con e-child\" data-id=\"9b9f334\" data-element_type=\"container\" data-e-type=\"container\">\n\t\t<div class=\"elementor-element elementor-element-6bab395 e-con-full e-flex e-con e-child\" data-id=\"6bab395\" data-element_type=\"container\" data-e-type=\"container\">\n\t\t\t\t<div class=\"elementor-element elementor-element-88072e9 elementor-widget elementor-widget-heading\" data-id=\"88072e9\" data-element_type=\"widget\" data-e-type=\"widget\" data-widget_type=\"heading.default\">\n\t\t\t\t\t<h2 class=\"elementor-heading-title elementor-size-default\">Membre actif<\/h2>\t\t\t\t<\/div>\n\t\t\t\t<div class=\"elementor-element elementor-element-b73ea25 elementor-widget elementor-widget-text-editor\" data-id=\"b73ea25\" data-element_type=\"widget\" data-e-type=\"widget\" data-widget_type=\"text-editor.default\">\n\t\t\t\t\t\t\t\t\t<p>Adh\u00e9sion annuelle : 30 \u20ac.<\/p><p>Avantages : tarifs adh\u00e9rents et pr\u00e9ventes exclusives.<\/p>\t\t\t\t\t\t\t\t<\/div>\n\t\t\t\t<\/div>\n\t\t<div class=\"elementor-element elementor-element-6f73df5 e-con-full e-flex e-con e-child\" data-id=\"6f73df5\" data-element_type=\"container\" data-e-type=\"container\">\n\t\t\t\t<div class=\"elementor-element elementor-element-668a7c4 elementor-align-center elementor-widget elementor-widget-button\" data-id=\"668a7c4\" data-element_type=\"widget\" data-e-type=\"widget\" data-widget_type=\"button.default\">\n\t\t\t\t\t\t\t\t\t\t<a class=\"elementor-button elementor-button-link elementor-size-sm\" href=\"https:\/\/www.helloasso.com\/associations\/share-arts\/adhesions\/bulletin-d-adhesion-2026\">\n\t\t\t\t\t\t<span class=\"elementor-button-content-wrapper\">\n\t\t\t\t\t\t\t\t\t<span class=\"elementor-button-text\">Adh\u00e9rez<\/span>\n\t\t\t\t\t<\/span>\n\t\t\t\t\t<\/a>\n\t\t\t\t\t\t\t\t<\/div>\n\t\t\t\t<div class=\"elementor-element elementor-element-d2d57dd elementor-widget elementor-widget-spacer\" data-id=\"d2d57dd\" data-element_type=\"widget\" data-e-type=\"widget\" data-widget_type=\"spacer.default\">\n\t\t\t\t\t\t\t<div class=\"elementor-spacer\">\n\t\t\t<div class=\"elementor-spacer-inner\"><\/div>\n\t\t<\/div>\n\t\t\t\t\t\t<\/div>\n\t\t\t\t<div class=\"elementor-element elementor-element-64f59f3 elementor-widget elementor-widget-heading\" data-id=\"64f59f3\" data-element_type=\"widget\" data-e-type=\"widget\" data-widget_type=\"heading.default\">\n\t\t\t\t\t<h2 class=\"elementor-heading-title elementor-size-default\">Membre bienfaiteur<\/h2>\t\t\t\t<\/div>\n\t\t\t\t<div class=\"elementor-element elementor-element-bb12e3c elementor-widget elementor-widget-text-editor\" data-id=\"bb12e3c\" data-element_type=\"widget\" data-e-type=\"widget\" data-widget_type=\"text-editor.default\">\n\t\t\t\t\t\t\t\t\t<p>Adh\u00e9sion annuelle \u00e0 montant libre, \u00e0 partir de 100 \u20ac.<\/p><p>Avantages : ceux des membres actifs, ainsi qu\u2019une invitation \u00e0 la soir\u00e9e annuelle des bienfaiteurs et votre badge membre bienfaiteur.<\/p>\t\t\t\t\t\t\t\t<\/div>\n\t\t\t\t<\/div>\n\t\t\t\t<div class=\"elementor-element elementor-element-b8c4ba6 elementor-align-center elementor-widget elementor-widget-button\" data-id=\"b8c4ba6\" data-element_type=\"widget\" data-e-type=\"widget\" data-widget_type=\"button.default\">\n\t\t\t\t\t\t\t\t\t\t<a class=\"elementor-button elementor-button-link elementor-size-sm\" href=\"https:\/\/www.helloasso.com\/associations\/share-arts\/adhesions\/bulletin-d-adhesion-2026\">\n\t\t\t\t\t\t<span class=\"elementor-button-content-wrapper\">\n\t\t\t\t\t\t\t\t\t<span class=\"elementor-button-text\">Adh\u00e9rez<\/span>\n\t\t\t\t\t<\/span>\n\t\t\t\t\t<\/a>\n\t\t\t\t\t\t\t\t<\/div>\n\t\t\t\t<\/div>\n\t\t\t\t\t<\/div>\n\t\t\t\t<\/div>\n\t\t\t\t<\/div>\n\t\t","protected":false},"excerpt":{"rendered":"<p>Adh\u00e9rez \u00e0 Share-Arts &#8230;et b\u00e9n\u00e9ficiez de tarifs pr\u00e9f\u00e9rentiels en soutenant l&rsquo;association ! Pourquoi devenir adh\u00e9rent ? Avantages membres actifs &#8211; Acc\u00e9der \u00e0 la vente de nos \u00e9v\u00e8nements en avant-premi\u00e8re.&#8211; B\u00e9n\u00e9ficiez de tarifs adh\u00e9rents pr\u00e9f\u00e9rentiels. Avantages membres bienfaiteurs &#8211; Acc\u00e9der \u00e0 la vente de nos \u00e9v\u00e8nements en avant-premi\u00e8re..&#8211; B\u00e9n\u00e9ficiez de tarifs adh\u00e9rents pr\u00e9f\u00e9rentiels.&#8211; Invitations \u00e0 la [&hellip;]<\/p>\n","protected":false},"author":2,"featured_media":0,"parent":0,"menu_order":0,"comment_status":"closed","ping_status":"closed","template":"","meta":{"footnotes":""},"class_list":["post-219","page","type-page","status-publish","hentry"],"_links":{"self":[{"href":"https:\/\/share-arts.org\/index.php?rest_route=\/wp\/v2\/pages\/219","targetHints":{"allow":["GET"]}}],"collection":[{"href":"https:\/\/share-arts.org\/index.php?rest_route=\/wp\/v2\/pages"}],"about":[{"href":"https:\/\/share-arts.org\/index.php?rest_route=\/wp\/v2\/types\/page"}],"author":[{"embeddable":true,"href":"https:\/\/share-arts.org\/index.php?rest_route=\/wp\/v2\/users\/2"}],"replies":[{"embeddable":true,"href":"https:\/\/share-arts.org\/index.php?rest_route=%2Fwp%2Fv2%2Fcomments&post=219"}],"version-history":[{"count":58,"href":"https:\/\/share-arts.org\/index.php?rest_route=\/wp\/v2\/pages\/219\/revisions"}],"predecessor-version":[{"id":424,"href":"https:\/\/share-arts.org\/index.php?rest_route=\/wp\/v2\/pages\/219\/revisions\/424"}],"wp:attachment":[{"href":"https:\/\/share-arts.org\/index.php?rest_route=%2Fwp%2Fv2%2Fmedia&parent=219"}],"curies":[{"name":"wp","href":"https:\/\/api.w.org\/{rel}","templated":true}]}}