{"id":476,"date":"2026-04-29T19:20:08","date_gmt":"2026-04-29T17:20:08","guid":{"rendered":"https:\/\/share-arts.org\/?page_id=476"},"modified":"2026-04-29T20:02:34","modified_gmt":"2026-04-29T18:02:34","slug":"produit-3","status":"publish","type":"page","link":"https:\/\/share-arts.org\/?page_id=476","title":{"rendered":"Au revoir Benjamin"},"content":{"rendered":"\t\t<div data-elementor-type=\"wp-page\" data-elementor-id=\"476\" class=\"elementor elementor-476\">\n\t\t\t\t<div class=\"elementor-element elementor-element-9ea7f37 e-flex e-con-boxed e-con e-parent\" data-id=\"9ea7f37\" data-element_type=\"container\" data-e-type=\"container\">\n\t\t\t\t\t<div class=\"e-con-inner\">\n\t\t\t\t\t\t\t\n\t\t\t<img class=\"e-image-base e-18cd05a-ac25d2e\" \n\t\t\t\t\tdata-interaction-id=\"18cd05a\" \n\t\t \n\t\t \n\t\t\t\t\t\t\t\t\tid=\"480\"\n\t\t\t\t\t\t\t\t\t\t\t\tsrc=\"https:\/\/share-arts.org\/wp-content\/uploads\/2026\/04\/PP_Bandeau_Benjamin.jpg\"\n\t\t\t\t\t\t\t\t\t\t\t\twidth=\"1000\"\n\t\t\t\t\t\t\t\t\t\t\t\theight=\"500\"\n\t\t\t\t\t\t\t\t\t\t\t\tsrcset=\"https:\/\/share-arts.org\/wp-content\/uploads\/2026\/04\/PP_Bandeau_Benjamin.jpg 1000w, https:\/\/share-arts.org\/wp-content\/uploads\/2026\/04\/PP_Bandeau_Benjamin-300x150.jpg 300w, https:\/\/share-arts.org\/wp-content\/uploads\/2026\/04\/PP_Bandeau_Benjamin-768x384.jpg 768w\"\n\t\t\t\t\t\t\t\t\t\t\t\talt=\"\"\n\t\t\t\t\t\t\/>\n\t\t\t\t\t\t<\/div>\n\t\t\t\t<\/div>\n\t\t<div class=\"elementor-element elementor-element-f85f6e0 e-flex e-con-boxed e-con e-parent\" data-id=\"f85f6e0\" data-element_type=\"container\" data-e-type=\"container\">\n\t\t\t\t\t<div class=\"e-con-inner\">\n\t\t<div class=\"elementor-element elementor-element-2cc1e93 e-con-full e-flex e-con e-child\" data-id=\"2cc1e93\" data-element_type=\"container\" data-e-type=\"container\">\n\t\t\t\t<div class=\"elementor-element elementor-element-42f624c elementor-widget elementor-widget-heading\" data-id=\"42f624c\" data-element_type=\"widget\" data-e-type=\"widget\" data-widget_type=\"heading.default\">\n\t\t\t\t\t<h2 class=\"elementor-heading-title elementor-size-default\">Au revoir Benjamin, le concert<\/h2>\t\t\t\t<\/div>\n\t\t\t\t<div class=\"elementor-element elementor-element-189ea63 elementor-widget elementor-widget-text-editor\" data-id=\"189ea63\" data-element_type=\"widget\" data-e-type=\"widget\" data-widget_type=\"text-editor.default\">\n\t\t\t\t\t\t\t\t\t<p>Le 05 juillet, c\u00e9l\u00e9brons ensemble Benjamin Levy.<\/p><p>Pendant une d\u00e9cennie, il a particip\u00e9 \u00e0 moderniser l\u2019image de l\u2019Orchestre et \u00e0 faire rayonner Cannes, les Alpes-Maritimes et toute la R\u00e9gion Sud au-del\u00e0 des fronti\u00e8res.<\/p><p>Nomm\u00e9 en novembre 2016 directeur musical de l\u2019Orchestre r\u00e9gional de Cannes Provence-Alpes-C\u00f4te d\u2019Azur, Benjamin Levy a contribu\u00e9, par son inventivit\u00e9 et sa grande connaissance du r\u00e9pertoire, \u00e0 faire d\u00e9couvrir des projets transversaux et de nouveaux talents.<\/p><p>Son engagement et son travail avec les musiciens ont contribu\u00e9 \u00e0 l\u2019obtention du label \u00ab Orchestre national en r\u00e9gion \u00bb.<\/p><p>Un concert pour saluer son parcours, entour\u00e9 des artistes et du public.<\/p>\t\t\t\t\t\t\t\t<\/div>\n\t\t\t\t<div class=\"elementor-element elementor-element-2cf6e92 elementor-widget elementor-widget-heading\" data-id=\"2cf6e92\" data-element_type=\"widget\" data-e-type=\"widget\" data-widget_type=\"heading.default\">\n\t\t\t\t\t<h2 class=\"elementor-heading-title elementor-size-default\">Artistes<\/h2>\t\t\t\t<\/div>\n\t\t\t\t<div class=\"elementor-element elementor-element-a091da4 elementor-widget elementor-widget-text-editor\" data-id=\"a091da4\" data-element_type=\"widget\" data-e-type=\"widget\" data-widget_type=\"text-editor.default\">\n\t\t\t\t\t\t\t\t\t<p>Benjamin Levy\u00a0\u00a0<\/p>\t\t\t\t\t\t\t\t<\/div>\n\t\t\t\t<div class=\"elementor-element elementor-element-bc2747d elementor-widget elementor-widget-heading\" data-id=\"bc2747d\" data-element_type=\"widget\" data-e-type=\"widget\" data-widget_type=\"heading.default\">\n\t\t\t\t\t<h2 class=\"elementor-heading-title elementor-size-default\">Programme<\/h2>\t\t\t\t<\/div>\n\t\t\t\t<div class=\"elementor-element elementor-element-d385c8a elementor-widget elementor-widget-text-editor\" data-id=\"d385c8a\" data-element_type=\"widget\" data-e-type=\"widget\" data-widget_type=\"text-editor.default\">\n\t\t\t\t\t\t\t\t\t<p>Concert symphonique (1h40)<br \/>Invit\u00e9s et programme surprise<\/p>\t\t\t\t\t\t\t\t<\/div>\n\t\t\t\t<\/div>\n\t\t<div class=\"elementor-element elementor-element-bb99141 e-con-full e-flex e-con e-child\" data-id=\"bb99141\" data-element_type=\"container\" data-e-type=\"container\">\n\t\t\t\t<div class=\"elementor-element elementor-element-aa49ede elementor-widget elementor-widget-heading\" data-id=\"aa49ede\" data-element_type=\"widget\" data-e-type=\"widget\" data-widget_type=\"heading.default\">\n\t\t\t\t\t<h2 class=\"elementor-heading-title elementor-size-default\">Date<\/h2>\t\t\t\t<\/div>\n\t\t\t\t<div class=\"elementor-element elementor-element-a2acb19 elementor-widget elementor-widget-text-editor\" data-id=\"a2acb19\" data-element_type=\"widget\" data-e-type=\"widget\" data-widget_type=\"text-editor.default\">\n\t\t\t\t\t\t\t\t\t<p>Le 05 juillet 2026 \u00e0 17h<\/p>\t\t\t\t\t\t\t\t<\/div>\n\t\t\t\t<div class=\"elementor-element elementor-element-8153500 elementor-widget elementor-widget-heading\" data-id=\"8153500\" data-element_type=\"widget\" data-e-type=\"widget\" data-widget_type=\"heading.default\">\n\t\t\t\t\t<h2 class=\"elementor-heading-title elementor-size-default\">Lieu<\/h2>\t\t\t\t<\/div>\n\t\t\t\t<div class=\"elementor-element elementor-element-037e3da elementor-widget elementor-widget-text-editor\" data-id=\"037e3da\" data-element_type=\"widget\" data-e-type=\"widget\" data-widget_type=\"text-editor.default\">\n\t\t\t\t\t\t\t\t\t<p>Th\u00e9\u00e2tre Claude Debussy \u00e0 Cannes<br \/>Tarif adh\u00e9rents : 40 \u20ac<br \/>Tarif normal : 50 \u20ac<\/p>\t\t\t\t\t\t\t\t<\/div>\n\t\t\t\t<div class=\"elementor-element elementor-element-eeef984 elementor-widget elementor-widget-button\" data-id=\"eeef984\" data-element_type=\"widget\" data-e-type=\"widget\" data-widget_type=\"button.default\">\n\t\t\t\t\t\t\t\t\t\t<a class=\"elementor-button elementor-button-link elementor-size-sm\" href=\"#\">\n\t\t\t\t\t\t<span class=\"elementor-button-content-wrapper\">\n\t\t\t\t\t\t\t\t\t<span class=\"elementor-button-text\">Bient\u00f4t disponible<\/span>\n\t\t\t\t\t<\/span>\n\t\t\t\t\t<\/a>\n\t\t\t\t\t\t\t\t<\/div>\n\t\t\t\t<\/div>\n\t\t\t\t\t<\/div>\n\t\t\t\t<\/div>\n\t\t<div class=\"elementor-element elementor-element-619e956 e-flex e-con-boxed e-con e-parent\" data-id=\"619e956\" data-element_type=\"container\" data-e-type=\"container\">\n\t\t\t\t\t<div class=\"e-con-inner\">\n\t\t<div class=\"elementor-element elementor-element-fccbe52 e-con-full e-flex e-con e-child\" data-id=\"fccbe52\" data-element_type=\"container\" data-e-type=\"container\">\n\t\t\t\t\t\t\t\n\t\t\t<img class=\"e-image-base e-c8d987a-ac7eea6\" \n\t\t\t\t\tdata-interaction-id=\"c8d987a\" \n\t\t \n\t\t \n\t\t\t\t\t\t\t\t\tid=\"494\"\n\t\t\t\t\t\t\t\t\t\t\t\tsrc=\"https:\/\/share-arts.org\/wp-content\/uploads\/2026\/04\/1_PP_BAS_300x300.jpg\"\n\t\t\t\t\t\t\t\t\t\t\t\twidth=\"300\"\n\t\t\t\t\t\t\t\t\t\t\t\theight=\"300\"\n\t\t\t\t\t\t\t\t\t\t\t\tsrcset=\"https:\/\/share-arts.org\/wp-content\/uploads\/2026\/04\/1_PP_BAS_300x300.jpg 300w, https:\/\/share-arts.org\/wp-content\/uploads\/2026\/04\/1_PP_BAS_300x300-150x150.jpg 150w\"\n\t\t\t\t\t\t\t\t\t\t\t\talt=\"\"\n\t\t\t\t\t\t\/>\n\t\t\t\t\t<\/div>\n\t\t<div class=\"elementor-element elementor-element-886da73 e-con-full e-flex e-con e-child\" data-id=\"886da73\" data-element_type=\"container\" data-e-type=\"container\">\n\t\t\t\t\t\t\t\n\t\t\t<img class=\"e-image-base e-3442bf0-030c1d7\" \n\t\t\t\t\tdata-interaction-id=\"3442bf0\" \n\t\t \n\t\t \n\t\t\t\t\t\t\t\t\tid=\"495\"\n\t\t\t\t\t\t\t\t\t\t\t\tsrc=\"https:\/\/share-arts.org\/wp-content\/uploads\/2026\/04\/2_PP_BAS_300x300.jpg\"\n\t\t\t\t\t\t\t\t\t\t\t\twidth=\"300\"\n\t\t\t\t\t\t\t\t\t\t\t\theight=\"300\"\n\t\t\t\t\t\t\t\t\t\t\t\tsrcset=\"https:\/\/share-arts.org\/wp-content\/uploads\/2026\/04\/2_PP_BAS_300x300.jpg 300w, https:\/\/share-arts.org\/wp-content\/uploads\/2026\/04\/2_PP_BAS_300x300-150x150.jpg 150w\"\n\t\t\t\t\t\t\t\t\t\t\t\talt=\"\"\n\t\t\t\t\t\t\/>\n\t\t\t\t\t<\/div>\n\t\t<div class=\"elementor-element elementor-element-76697e0 e-con-full e-flex e-con e-child\" data-id=\"76697e0\" data-element_type=\"container\" data-e-type=\"container\">\n\t\t\t\t\t\t\t\n\t\t\t<img class=\"e-image-base e-5660c96-b6b564c\" \n\t\t\t\t\tdata-interaction-id=\"5660c96\" \n\t\t \n\t\t \n\t\t\t\t\t\t\t\t\tid=\"496\"\n\t\t\t\t\t\t\t\t\t\t\t\tsrc=\"https:\/\/share-arts.org\/wp-content\/uploads\/2026\/04\/3_PP_BAS_300x300.jpg\"\n\t\t\t\t\t\t\t\t\t\t\t\twidth=\"300\"\n\t\t\t\t\t\t\t\t\t\t\t\theight=\"300\"\n\t\t\t\t\t\t\t\t\t\t\t\tsrcset=\"https:\/\/share-arts.org\/wp-content\/uploads\/2026\/04\/3_PP_BAS_300x300.jpg 300w, https:\/\/share-arts.org\/wp-content\/uploads\/2026\/04\/3_PP_BAS_300x300-150x150.jpg 150w\"\n\t\t\t\t\t\t\t\t\t\t\t\talt=\"\"\n\t\t\t\t\t\t\/>\n\t\t\t\t\t<\/div>\n\t\t<div class=\"elementor-element elementor-element-14a12da e-con-full e-flex e-con e-child\" data-id=\"14a12da\" data-element_type=\"container\" data-e-type=\"container\">\n\t\t\t\t\t\t\t\n\t\t\t<img class=\"e-image-base e-92de53a-06873d6\" \n\t\t\t\t\tdata-interaction-id=\"92de53a\" \n\t\t \n\t\t \n\t\t\t\t\t\t\t\t\tid=\"497\"\n\t\t\t\t\t\t\t\t\t\t\t\tsrc=\"https:\/\/share-arts.org\/wp-content\/uploads\/2026\/04\/4_PP_BAS_300x300.jpg\"\n\t\t\t\t\t\t\t\t\t\t\t\twidth=\"300\"\n\t\t\t\t\t\t\t\t\t\t\t\theight=\"300\"\n\t\t\t\t\t\t\t\t\t\t\t\tsrcset=\"https:\/\/share-arts.org\/wp-content\/uploads\/2026\/04\/4_PP_BAS_300x300.jpg 300w, https:\/\/share-arts.org\/wp-content\/uploads\/2026\/04\/4_PP_BAS_300x300-150x150.jpg 150w\"\n\t\t\t\t\t\t\t\t\t\t\t\talt=\"\"\n\t\t\t\t\t\t\/>\n\t\t\t\t\t<\/div>\n\t\t<div class=\"elementor-element elementor-element-e876e86 e-con-full e-flex e-con e-child\" data-id=\"e876e86\" data-element_type=\"container\" data-e-type=\"container\">\n\t\t\t\t\t\t\t\n\t\t\t<img class=\"e-image-base e-75ad230-faa9261\" \n\t\t\t\t\tdata-interaction-id=\"75ad230\" \n\t\t \n\t\t \n\t\t\t\t\t\t\t\t\tid=\"498\"\n\t\t\t\t\t\t\t\t\t\t\t\tsrc=\"https:\/\/share-arts.org\/wp-content\/uploads\/2026\/04\/5_PP_BAS_300x300.jpg\"\n\t\t\t\t\t\t\t\t\t\t\t\twidth=\"300\"\n\t\t\t\t\t\t\t\t\t\t\t\theight=\"300\"\n\t\t\t\t\t\t\t\t\t\t\t\tsrcset=\"https:\/\/share-arts.org\/wp-content\/uploads\/2026\/04\/5_PP_BAS_300x300.jpg 300w, https:\/\/share-arts.org\/wp-content\/uploads\/2026\/04\/5_PP_BAS_300x300-150x150.jpg 150w\"\n\t\t\t\t\t\t\t\t\t\t\t\talt=\"\"\n\t\t\t\t\t\t\/>\n\t\t\t\t\t<\/div>\n\t\t<div class=\"elementor-element elementor-element-72fb0c2 e-con-full e-flex e-con e-child\" data-id=\"72fb0c2\" data-element_type=\"container\" data-e-type=\"container\">\n\t\t\t\t\t\t\t\n\t\t\t<img class=\"e-image-base e-b03b5f4-c89aeae\" \n\t\t\t\t\tdata-interaction-id=\"b03b5f4\" \n\t\t \n\t\t \n\t\t\t\t\t\t\t\t\tid=\"412\"\n\t\t\t\t\t\t\t\t\t\t\t\tsrc=\"https:\/\/share-arts.org\/wp-content\/uploads\/2026\/04\/BL_repetition_2_PP_500x500.jpg\"\n\t\t\t\t\t\t\t\t\t\t\t\twidth=\"500\"\n\t\t\t\t\t\t\t\t\t\t\t\theight=\"500\"\n\t\t\t\t\t\t\t\t\t\t\t\tsrcset=\"https:\/\/share-arts.org\/wp-content\/uploads\/2026\/04\/BL_repetition_2_PP_500x500.jpg 500w, https:\/\/share-arts.org\/wp-content\/uploads\/2026\/04\/BL_repetition_2_PP_500x500-300x300.jpg 300w, https:\/\/share-arts.org\/wp-content\/uploads\/2026\/04\/BL_repetition_2_PP_500x500-150x150.jpg 150w\"\n\t\t\t\t\t\t\t\t\t\t\t\talt=\"\"\n\t\t\t\t\t\t\/>\n\t\t\t\t\t<\/div>\n\t\t\t\t\t<\/div>\n\t\t\t\t<\/div>\n\t\t\t\t<\/div>\n\t\t","protected":false},"excerpt":{"rendered":"<p>Au revoir Benjamin, le concert Le 05 juillet, c\u00e9l\u00e9brons tous ensemble notre Benjamin Levy ! Pendant un d\u00e9cennie, il aura particip\u00e9 \u00e0 moderniser l&rsquo;image de notre Orchestre et \u00e0 faire rayonner la ville de Cannes, les Alpes-Maritimes, et toute la R\u00e9gion Sud au-del\u00e0 des fronti\u00e8res.\u00a0 Nomm\u00e9 en novembre 2016 Directeur Musical de l&rsquo;Orchestre R\u00e9gional de [&hellip;]<\/p>\n","protected":false},"author":2,"featured_media":0,"parent":0,"menu_order":0,"comment_status":"closed","ping_status":"closed","template":"","meta":{"footnotes":""},"class_list":["post-476","page","type-page","status-publish","hentry"],"_links":{"self":[{"href":"https:\/\/share-arts.org\/index.php?rest_route=\/wp\/v2\/pages\/476","targetHints":{"allow":["GET"]}}],"collection":[{"href":"https:\/\/share-arts.org\/index.php?rest_route=\/wp\/v2\/pages"}],"about":[{"href":"https:\/\/share-arts.org\/index.php?rest_route=\/wp\/v2\/types\/page"}],"author":[{"embeddable":true,"href":"https:\/\/share-arts.org\/index.php?rest_route=\/wp\/v2\/users\/2"}],"replies":[{"embeddable":true,"href":"https:\/\/share-arts.org\/index.php?rest_route=%2Fwp%2Fv2%2Fcomments&post=476"}],"version-history":[{"count":16,"href":"https:\/\/share-arts.org\/index.php?rest_route=\/wp\/v2\/pages\/476\/revisions"}],"predecessor-version":[{"id":501,"href":"https:\/\/share-arts.org\/index.php?rest_route=\/wp\/v2\/pages\/476\/revisions\/501"}],"wp:attachment":[{"href":"https:\/\/share-arts.org\/index.php?rest_route=%2Fwp%2Fv2%2Fmedia&parent=476"}],"curies":[{"name":"wp","href":"https:\/\/api.w.org\/{rel}","templated":true}]}}